rt 36 (base 10) to base 14.
28
-58d8 (base 14) to base 12
-8b5a
Convert -348 (base 14) to base 7.
-1621
Convert -7b9b (base 15) to base 2.
-110011010000110
Convert -501 (base 12) to base 3.
-222201
What is 699 (base 12) in base 13?
5a6
210021 (base 3) to base 14
2d0
What is -1618 (base 15) in base 2?
-1001010001100
Convert -2375 (base 10) to base 9.
-3228
What is 1404 (base 5) in base 12?
171
Convert -660 (base 11) to base 6.
-3400
541 (base 8) to base 9
432
Convert 3846 (base 10) to base 7.
14133
What is 3317 (base 9) in base 2?
100110001110
-12010001 (base 3) to base 5
-104402
What is -3847 (base 9) in base 6?
-21154
Convert 10000111000 (base 2) to base 9.
1430
1414 (base 5) to base 7
453
Convert 24a1 (base 12) to base 13.
1b76
What is 10000001 (base 2) in base 7?
243
93 (base 11) to base 4
1212
-e95 (base 15) to base 13
-1661
What is 555 (base 8) in base 2?
101101101
-1ca (base 15) to base 2
-110011111
What is 1a7e (base 15) in base 7?
22514
Convert 1627 (base 9) to base 6.
5424
-b4d3 (base 15) to base 7
-216303
Convert -112211220 (base 3) to base 5.
-321244
Convert -102a1 (base 12) to base 2.
-101001010011001
-110001100001000 (base 2) to base 8
-61410
-2b3 (base 16) to base 2
-1010110011
39 (base 12) to base 2
101101
What is 6929 (base 14) in base 2?
100011101011001
Convert 3122 (base 5) to base 11.
345
What is 1677 (base 10) in base 13?
9c0
What is 320310 (base 4) in base 15?
1126
44a (base 15) to base 12
68a
660 (base 11) to base 8
1430
Convert -216 (base 8) to base 7.
-262
What is -20231 (base 7) in base 13?
-2318
Convert 2257 (base 9) to base 4.
122020
What is -403440 (base 5) in base 9?
-18738
What is 2044010 (base 5) in base 13?
12790
What is 30110 (base 4) in base 8?
1424
What is 640 (base 11) in base 16?
302
Convert 2344 (base 7) to base 2.
1101100001
Convert -10201212020 (base 3) to base 8.
-217467
What is 1948 (base 12) in base 7?
11660
What is -266 (base 11) in base 14?
-186
Convert -1010000101 (base 2) to base 10.
-645
-9edd (base 16) to base 2
-1001111011011101
-2b93 (base 16) to base 5
-324110
Convert 112101022 (base 3) to base 10.
10484
-14aca (base 14) to base 12
-259a2
What is 6604 (base 12) in base 2?
10101111100100
Convert 1b717 (base 12) to base 7.
226603
Convert -112 (base 16) to base 5.
-2044
What is 165 (base 9) in base 11?
118
3340 (base 5) to base 7
1241
6a03 (base 15) to base 14
82b5
Convert 113012 (base 4) to base 9.
2022
Convert 3530 (base 9) to base 12.
1623
Convert 24544 (base 6) to base 3.
12000201
What is -1255 (base 7) in base 10?
-481
What is 100010302 (base 4) in base 10?
65842
Convert -43032 (base 7) to base 4.
-2212200
Convert 2422 (base 9) to base 5.
24202
-434010 (base 5) to base 2
-11101000100000
7a5a (base 13) to base 6
211212
What is -1420411 (base 5) in base 12?
-15089
Convert 16162 (base 10) to base 7.
65056
-22023 (base 4) to base 6
-3003
What is 110100000111 (base 2) in base 14?
1303
What is -1a7 (base 11) in base 15?
-10d
Convert -14556 (base 9) to base 5.
-304213
-1131 (base 11) to base 7
-4222
Convert -1000110101 (base 2) to base 10.
-565
Convert -5 (base 13) to base 5.
-10
What is -1b65 (base 15) in base 9?
-8135
1423 (base 7) to base 14
2ba
15625 (base 8) to base 14
2805
What is -143 (base 7) in base 13?
-62
-120302 (base 4) to base 13
-950
-1563 (base 10) to base 11
-11a1
423141 (base 5) to base 11
a713
3351 (base 6) to base 12
557
-834 (base 14) to base 11
-1238
Convert 4 (base 10) to base 4.
10
Convert 10f13 (base 16) to base 8.
207423
What is -12253 (base 7) in base 14?
-1263
-385 (base 13) to base 8
-1150
What is 202121 (base 3) in base 2?
1000101100
What is -1221202 (base 3) in base 12?
-9a8
Convert -20130 (base 5) to base 12.
-8b6
Convert 305501 (base 6) to base 4.
12000031
Convert -9936 (base 10) to base 15.
-2e26
Convert -1143 (base 11) to base 12.
-a4b
-2b3 (base 14) to base 12
-399
What is -11311 (base 6) in base 3?
-2020021
Convert -20222001 (base 3) to base 5.
-130302
What is 35a8 (base 11) in base 2?
1001001101100
Convert 4241 (base 5) to base 7.
1444
What is -20041 (base 7) in base 11?
-36a2
-21011 (base 3) to base 12
-141
Convert 6881 (base 11) to base 9.
13357
What is 1d18 (base 16) in base 7?
30500
Convert -11212 (base 3) to base 9.
-155
Convert 206 (base 12) to base 3.
101220
Convert -21001212 (base 3) to base 11.
-3965
What is -100000110101 (base 2) in base 3?
-2212211
-383 (base 15) to base 7
-2220
fdc (base 16) to base 14
16a0
-17b50 (base 15) to base 9
-126313
Convert -38 (base 9) to base 14.
-27
Convert 166 (base 14) to base 11.
240
What is -12335 (base 11) in base 3?
-220021201
Convert -13436 (base 7) to base 14.
-148d
-1616 (base 14) to base 15
-127a
What is -2b6 (base 12) in base 11?
-358
12100 (base 4) to base 3
112211
Convert -2100310 (base 4) to base 11.
-6a66
-351 (base 14) to base 5
-10114
What is -4720 (base 13) in base 6?
-114141
What is -662 (base 16) in base 5?
-23014
What is -3585 (base 13) in base 2?
-1110101111001
803 (base 9) to base 12
463
What is -2443 (base 6) in base 14?
-311
1134 (base 8) to base 13
376
3231033 (base 4) to base 13
6bac
57ea (base 15) to base 2
100100011101110
10110011 (base 2) to base 13
10a
Convert 570 (base 9) to base 6.
2100
Convert -a643 (base 12) to base 10.
-18195
Convert 11100111000110 (base 2) to base 4.
3213012
Convert 50d (base 15) to base 10.
1138
2044301 (base 5) to base 4
20120112
-344141 (base 6) to base 7
-151552
Convert 18 (base 12) to base 15.
15
-65a4 (base 12) to base 6
-123524
What is -10499 (base 13) in base 6?
-343535
What is 10697 (base 14) in base 8?
115455
-95 (base 15) to base 11
-118
Convert 22430 (base 5) to base 13.
973
What is 22b (base 14) in base 9?
528
Convert 1540 (base 8) to base 15.
3c9
-2c65 (base 15) to base 8
-22511
-348 (base 9) to base 15
-142
What is 2230 (base 5) in base 12?
223
Convert -1203020 (base 4) to base 6.
-45212
What is dac (base 16) in base 8?
6654
Convert 44325 (base 7) to base 3.
120021200
Convert -431 (base 15) to base 8.
-1662
-13432 (base 11) to base 14
-6da1
Convert -890 (base 14) to base 7.
-4640
Convert -567 (base 9) to base 3.
-122021
10243 (base 8) to base 10
4259
What is 50f (base 16) in base 2?
10100001111
21120 (base 3) to base 16
cc
25bd (base 16) to base 5
302121
-444 (base 16) to base 4
-101010
-1111000101000101 (base 2) to base 12
-2b8b1
1044 (base 6) to base 13
15a
Convert -8597 (base 14) to base 16.
-5a19
What is -1232032 (base 4) in base 6?
-52354
bb3 (base 15) to base 11
1a93
What is -2836 (base 10) in base 4?
-230110
Convert -221100102 (base 3) to base 12.
-a83b
What is -10211002 (base 3) in base 12?
-173b
What is -80e (base 15) in base 3?
-2111012
What is -2211310 (base 4) in base 2?
-10100101110100
Convert -212130 (base 4) to base 15.
-ae0
34221 (base 5) to base 9
3306
Convert 5b0a (base 12) to base 7.
41560
Convert 10636 (base 9) to base 13.
32b8
What is 40963 (base 12) in base 8?
244533
What is fb (base 16) in base 11?
209
Convert -2981 (base 15) to base 12.
-5194
What is -20026 (base 12) in base 4?
-22020132
3b (base 13) to base 10
50
Convert 66 (base 8) to base 4.
312
4329 (base 13) to base 9
13716
Convert -13121 (base 5) to base 6.
-4444
What is 1043a (base 12) in base 5?
1140413
-30e4 (base 15) to base 11
-784a
Convert 1100110011000010 (base 2) to base 16.
ccc2
Convert -23819 (base 13) to base 10.
-65087
Convert 29967 (base 12) to base 8.
162037
What is 35043 (base 11) in base 8?
142701
What is -33135 (base 6) in base 2?
-1000111110011
11201 (base 5) to base 10
801
What is -1b0a (base 13) in base 8?
-7742
What is 4310 (base 7) in base 4?
113312
What is -78e (base 16) in base 9?
-2578
What is -9854 (base 15) in base 8?
-76776
1a652 (base 13) to base 9
77716
Convert -110001001 (base 2) to base 15.
-1b3
What is -133747 (base 8) in base 16?
-b7e7
What is -7827 (base 10) in base 8?
-17223
What is -454 (base 7) in base 6?
-1031
Convert -1100111010111 (base 2) to base 8.
-14727
1121123 (base 4) to base 16
165b
What is -1235 (base 6) in base 10?
-311
What is -143340 (base 5) in base 9?
-8322
What is -104 (base 8) in base 5?
-233
What is 1aa4 (base 11) in base 2?
101001011111
Convert -1400114 (base 5) to base 4.
-12313333
What is -60 (base 11) in base 7?
-123
Convert -1223 (base 5) to base 7.
-356
-3645 (base 9) to base 8
-5232
2002 (base 9) to base 